 common divisor of d and 24?
6
Suppose 4*b - 493 = 83. Let k = b + -236. Let i = k - -177. What is the greatest common factor of 34 and i?
17
Let h = 1667 + -1651. Suppose -2*k + 19 = 3. What is the highest common factor of k and h?
8
Suppose -762*h = -760*h - 70. What is the greatest common factor of h and 280?
35
Let d(y) = -5*y - 36. Let t(b) = b**2 + 4*b - 5. Let k be t(-3). Let h be d(k). What is the highest common factor of 16 and h?
4
Let p = -51 + 115. What is the highest common divisor of p and 24?
8
Suppose -309 = -13*h + 666. Calculate the greatest common divisor of 15 and h.
15
Let u = 1277 + -461. Calculate the highest common factor of 48 and u.
48
Let a be (9/(36/8))/2. Let r be 1/((-4)/(-8)) + a. Suppose -r*c = 4*k - 17, -c + 2*k - 6 = -15. What is the highest common divisor of c and 7?
7
Suppose 0 = 3*w - 221*n + 220*n - 81, 2*w = -n + 54. Suppose -6*y + 86 = 3*x - y, -4*x + 2*y = -106. Calculate the greatest common factor of w and x.
27
Let f(r) = -6*r - 2*r**2 + 12*r**2 + r**3 - 15 + 3*r**2 - 10*r. Let h = 32 - 46. Let p be f(h). Calculate the greatest common divisor of p and 78.
13
Let d(s) = s - 18. Let x be d(6). Let u = 22 - x. What is the highest common divisor of u and 17?
17
Let o be (-2142)/(-30) - (-4)/(-10). Calculate the greatest common divisor of o and 923.
71
Suppose -66*m + 270 = -51*m. Calculate the highest common factor of 306 and m.
18
Suppose 2*h = 3*s + 315, -3*h + s + 474 = -4*s. What is the greatest common factor of 9 and h?
9
Suppose 2*g - 154 = -4*i, i + 0*i = -2*g + 46. Calculate the highest common factor of i and 207.
9
Let z be (10 + -1 + 0)/((-1)/(-3)). Let c be -1 - (28/(-1) + 0). What is the highest common divisor of c and z?
27
Let y be 29*(2*2/(-4) + 2). Calculate the highest common divisor of 58 and y.
29
Suppose 2*y = 4*h - 42, y - 3*h + 18 + 8 = 0. Let n(t) = -t**3 - 10*t**2 + 10*t - 9. Let r be n(y). What is the highest common divisor of r and 5?
1
Let m = 44 + 8. Let t(n) = -n**3 + 7*n**2 + 2*n - 10. Let i be t(7). Calculate the highest common divisor of i and m.
4
Suppose t - n = 127, -4*t - 6*n = -2*n - 484. What is the highest common divisor of t and 93?
31
Suppose 4*c - 66 = 38. Let r be 6 + (-21 + 3)*-4. What is the greatest common divisor of c and r?
26
Suppose 0 = 3*a - 4*b + 11, -5*b + 14 = -11. Let c be (87/2)/(8/16) - a. Let u(p) = -3*p + 3. Let s be u(-3). Calculate the highest common divisor of c and s.
12
Let d(c) = 3*c**2 + 4*c - 7. Let o be d(-4). Suppose 0 = -3*y - 1 + o. Let h = 10 - y. What is the highest common factor of h and 8?
2
Let g = -14 - -39. Let n = g + -5. Let v = n - 6. Calculate the greatest common divisor of 70 and v.
14
Suppose 29 = -12*p + 1205. Calculate the highest common factor of p and 2.
2
Let i = 1502 + -1489. Calculate the highest common factor of 2678 and i.
13
Let p(q) = 56*q - 3. Let o be p(5). Suppose -3*w + 71 + o = 0. Let f = w - 76. Calculate the greatest common divisor of f and 8.
8
Let r(h) = -h**2 - 25*h - 97. Let j be r(-17). Let x = -15 - -41. What is the highest common factor of j and x?
13
Let u = -11 - -218. Let l = 342 - u. Calculate the highest common factor of 15 and l.
15
Let k(f) = f**3 + 13*f**2 + 36*f - 12. Let h be k(-8). Calculate the highest common divisor of h and 32.
4
Let i be ((-24)/(-9) + -2)*6. Suppose 5*s - 160 = -2*z, -i*z + 18 - 4 = s. What is the greatest common factor of 272 and s?
34
Let v(f) = -2*f**2 + 49*f + 92. Let y be v(23). Let h = -12 + 35. Calculate the greatest common factor of h and y.
23
Let g(d) = d**3 - 5*d**2 + d - 2. Let x be g(5). Let b = 1140 + -1065. Calculate the highest common divisor of b and x.
3
Let m be (-178 + -56)/(-1 + (-1)/(-4)). Calculate the greatest common factor of m and 3.
3
Let f be 200 - -20*8/(-32). What is the greatest common factor of f and 39?
39
Let f = -11 + 19. Suppose 3*t - 4*t + 2 = 0. Suppose -4*c = 3*n - 176, -c = -t*n + c + 108. Calculate the highest common divisor of n and f.
8
Let v = -3 - -2. Let j = v - -7. Let i be 6/39 - 2176/(-52). What is the highest common factor of i and j?
6
Let s(n) = 2*n**3 + 49*n**2 + 21*n - 62. Let q be s(-24). Calculate the greatest common factor of q and 6.
2
Let j = -576 + 657. What is the highest common divisor of j and 18?
9
Suppose -p + 34*p = 9438. Calculate the highest common divisor of p and 110.
22
Suppose -43 = -4*t + 3*c + 24, 0 = 3*c + 15. Suppose n + 3*n = 5124. Let p be n/33 - (-2)/11. What is the greatest common divisor of p and t?
13
Let a be 2/6*3*(2 - -8). Suppose 0 = 4*k - 2*k - 8. Suppose -3*p - 110 = -k*p. What is the greatest common factor of a and p?
10
Let j = -541 - -241. Let c be (j/10)/((-2 + 3)*-2). Calculate the greatest common divisor of 285 and c.
15
Suppose 1304*v = 1313*v - 729. What is the highest common divisor of v and 1377?
81
Suppose -a - 2*f = -4, -10*a + 15 = -5*a + 5*f. Calculate the greatest common factor of a and 2.
2
Suppose -687*m + 252 = -659*m. Calculate the greatest common factor of 45 and m.
9
Suppose 4*n - 4*p - 660 = 0, 548 = 2*n + p + 206. Calculate the highest common divisor of n and 26.
13
Let w = 62 - 57. Suppose -11*q = w - 93. What is the greatest common divisor of q and 64?
8
Suppose -25*f = -22*f + 2*i - 211, -4*f = 5*i - 272. What is the highest common factor of f and 657?
73
Let q(m) = 2*m - 31. Let a be q(15). Let f = a - -6. What is the highest common factor of f and 40?
5
Suppose -5*l = -5*y + 465, l - 4*l + 181 = 2*y. What is the greatest common factor of 138 and y?
46
Let s = 14 + -10. Suppose -3*r = 4*f - 2*r - 3, -5*f - s*r = -1. Let k(o) = 30*o**2 + 2*o. Let w be k(f). Calculate the highest common divisor of 4 and w.
4
Let v = -17 + 19. Suppose -v*n + m - 5*m + 240 = 0, -5*m = 20. Let o be (15/4)/(6/n). What is the greatest common divisor of o and 16?
16
Suppose -891 - 257 = -41*r. What is the highest common divisor of 350 and r?
14
Let g be 30/3 - (-1 - -1). Suppose g = c - 15. Suppose 68 = 4*l + 5*t - t, -l = 5*t - c. What is the highest common divisor of l and 6?
3
Let t(a) = a**2 - 7*a + 15. Let r be t(10). Suppose -10*d = -d - r. Calculate the highest common factor of d and 55.
5
Let f(a) = -20*a - 248. Let g be f(-13). What is the greatest common divisor of 228 and g?
12
Let b(g) = g + 27. Let q be b(5). Suppose -2*c + 48 = c. What is the greatest common divisor of q and c?
16
Let f = 8 + -3. Suppose 3*v + 0*v = 4*z - 9, 2*z = f*v + 1. Let g be z*1*(-16)/(-12). Calculate the highest common factor of g and 16.
4
Suppose 18 = -4*u + 102. Let w(b) = -2*b - 3. Suppose 11*a + 45 = 2*a. Let v be w(a). What is the greatest common divisor of u and v?
7
Suppose 3*i - 5*i + 5*s = -125, 0 = 2*s + 2. Let v(z) = -4*z + 4. Let k be v(-5). Calculate the greatest common factor of i and k.
12
Suppose 3*c - 28 = t, -3*t + 7 = 5*c - 63. Suppose -2 + c = f. What is the greatest common divisor of 27 and f?
9
Let g be (-6 + -1)*1*(-31 + 17). Calculate the greatest common factor of 343 and g.
49
Suppose l = 2*l - 50. Suppose 3*k + 69 = 3*a + k, -2*k = 2*a - 56. Calculate the greatest common factor of l and a.
25
Suppose 58*v = 50*v + 152. Let x(s) = 3*s**2 - 6*s - 7. Let c be x(5). What is the highest common divisor of c and v?
19
Let z(h) = -h**3 + 32*h**2 - 75*h + 24. Let a be z(23). What is the greatest common factor of a and 90?
90
Suppose 0 = -16*z + 22*z - 180. What is the highest common factor of 75 and z?
15
Let x(m) = -3*m**2 - 12*m + 2 - 2 + 2*m**2. Let t be x(-7). What is the highest common factor of 20 and t?
5
Let u be 9/(-3) - (-44 + 1)*3. What is the highest common factor of u and 84?
42
Suppose 29*k - 8891 = 7639. What is the greatest common factor of k and 120?
30
Let r = -5 - -6. Let k(n) = -8*n - 6 + 3*n**2 - 7*n**2 + 3*n**2 + 0*n. Let h be k(-7). Calculate the greatest common divisor of r and h.
1
Let o(i) be the first derivative of 7*i**3/3 - 5*i**2/2 - 3. Let r be o(-4). Let t = 84 + r. Calculate the greatest common factor of t and 24.
24
Let o(v) = 3*v**2 - 3*v**2 + v - 109*v**3 + 2*v**2. Let g be o(-1). Let y(i) = -i**2 + 26*i + 10. Let q be y(26). What is the highest common factor of g and q?
10
Let n = 532 - 382. Calculate the greatest common factor of 60 and n.
30
Let o be (8/4 - -1) + 0. Suppose -o*b + 23 = 5. Calculate the greatest common divisor of 